4 = -l + 5, -2*l + 3736 = 2*u. List the prime factors of u.
1867
Suppose 4*p = -7 + 67. Suppose -5*m - s = -189 - 234, -5*s = -p. List the prime factors of m.
2, 3, 7
Suppose -3*o = 2*f - 5*f + 39, 5*f = -2*o + 51. Let y(m) = -m**2 + 16*m + 11. List the prime factors of y(f).
2, 3, 11
Let n(j) = -9*j**3 + 5*j**2 - 1. What are the prime factors of n(-5)?
1249
Let f be ((-2)/(-1))/((-10)/(-30)). Suppose 2*z = f + 4. Suppose -z*h + 6 = -4, -2*s - 3*h = -42. What are the prime factors of s?
2, 3
Let l = 2484 - 1630. List the prime factors of l.
2, 7, 61
Let v(t) = 2*t**2 + 85*t - 53. List the prime factors of v(-65).
2, 359
Let u(f) = -f**3 - 33*f**2 + 62*f + 54. List the prime factors of u(-36).
2, 3, 5, 19
Let s = 5774 + -3325. What are the prime factors of s?
31, 79
Let u = -267 + 524. Let a = -177 + u. Suppose 68 = 2*l + 3*i, -3*l = -2*i - 48 - a. List the prime factors of l.
2, 5
Suppose -25*o + 88 = -29*o. Let m = -19 - o. List the prime factors of m.
3
Suppose -2743*n = -2740*n - 4440. List the prime factors of n.
2, 5, 37
Let j be ((-56)/10)/((-3)/(135/6)). Suppose -2*g + 4*r = -28 - 2, -r = 5*g - j. What are the prime factors of g?
3
Let h(n) = 1357*n + 42. What are the prime factors of h(1)?
1399
Let d(o) = -8*o + 3*o - 7*o + 3*o + 7*o**2 + o**3 - 3. Let m be d(-7). Suppose -5*a = m - 210. What are the prime factors of a?
2, 3, 5
Let d(v) = 19*v**2 + 13. Let k(i) = -20*i**2 + i - 14. Let c(b) = 5*d(b) + 4*k(b). What are the prime factors of c(-2)?
61
Suppose -2*k - 3 = 1. List the prime factors of (1/1)/(k/(-82)).
41
Let s be (1 - -1 - 6)*(-365)/4. Let v = -217 + s. List the prime factors of v.
2, 37
Suppose -19*i = -23*i + f + 13490, 5*i + 5*f - 16850 = 0. What are the prime factors of i?
2, 3, 281
Let l = 3 + 581. What are the prime factors of l?
2, 73
Let u = 8698 + -3680. What are the prime factors of u?
2, 13, 193
Suppose -976 = -22*w + 1510. List the prime factors of w.
113
Let h = 459 + 705. What are the prime factors of h?
2, 3, 97
Suppose 0 = -5*d - k - 0*k + 20, 2 = 4*d - 2*k. Suppose -26 = -d*o + 28. What are the prime factors of o?
2, 3
Suppose 7*t + 9702 = 16*t. List the prime factors of t.
2, 7, 11
Let y = -1146 + 2002. What are the prime factors of y?
2, 107
Suppose 0 = -5*s - 3*k + 9155, 2*s = s - 3*k + 1831. What are the prime factors of s?
1831
Let l be 1*(-13)/3*(-2 + -1). Suppose 18*g = l*g + 455. What are the prime factors of g?
7, 13
Suppose 25 = 5*k, 12*l - 10*l - 3*k - 3263 = 0. List the prime factors of l.
11, 149
Let x be 24*((-40)/(-6))/5. Let j = x - 27. Suppose 4*k - 3 = j. What are the prime factors of k?
2
Let t = 2381 + 28. List the prime factors of t.
3, 11, 73
Suppose -3249 = -19*s - 1007. What are the prime factors of s?
2, 59
Let v be -2*((-30)/(-20) - (3 - 0)). Suppose 5*n + 103 = 2*c, v*c = -3*n + 192 - 69. What are the prime factors of c?
2, 11
Suppose -7*g = 2*p - 3*g - 1866, p + 3*g - 935 = 0. List the prime factors of p.
929
Let z(d) = -181*d - 2. Let o be z(-1). Suppose 0 = 3*s + q - o, -2*s + 2*q + q + 112 = 0. What are the prime factors of s?
59
What are the prime factors of ((-83)/3)/((-151)/75 + 2)?
5, 83
Let m = -9 + 10. Let c be 122/(-2)*m/(-1). Let s = 86 - c. List the prime factors of s.
5
Suppose 3*u = 4*u + g + 14, -g - 70 = 5*u. Let d = u + 17. What are the prime factors of d - 7 - (-68)/2?
2, 3, 5
Suppose -4*x = 4*q - 2*q - 1432, -349 = -x + 4*q. What are the prime factors of x?
3, 7, 17
Let f = -1693 - -2899. List the prime factors of f.
2, 3, 67
Let q = 122 - 120. Suppose 0 = z + 3, -5*o - q*z - 223 = -957. List the prime factors of o.
2, 37
Let m = -193 - -466. Suppose 4*j = 5*y + m, -2*y + y - 45 = -4*j. Let c = 82 + y. What are the prime factors of c?
5
Suppose -8*f = -7*f - 344. Let a = -236 + f. What are the prime factors of a?
2, 3
Suppose 5*m + 4*v - 34 = 0, m - 6*m - v + 31 = 0. Let f = -14 - -16. List the prime factors of f/m + (-1816)/(-24).
2, 19
Let m(u) = -6*u**2 + 2*u + 5. Let i(w) = w. Let r(v) = 4*i(v) - m(v). What are the prime factors of r(3)?
5, 11
Let o(s) = 3*s - 15. Let c be o(7). Let v(l) = c*l + 1 + 3*l**2 - 5 - 1 + 3. What are the prime factors of v(4)?
2, 5, 7
Let k(r) = 3*r**3 - 3*r**2 - r - 1. What are the prime factors of k(6)?
13, 41
Let q = 55 + -11. Let g = 31 - 23. What are the prime factors of (q/g - 2)*14?
7
What are the prime factors of 60500/(-66)*12/(-8)?
5, 11
Let u(m) = 21*m**2 + 2*m + 1. Let w be u(-1). Suppose -2*s + 0*y = 4*y + 20, 4*y + w = -3*s. Let x(l) = l**2 + 19. What are the prime factors of x(s)?
19
Suppose 350 = -3*t - 2*h, -403 - 155 = 5*t - 3*h. List the prime factors of (-175)/(-2)*(t/(-10) - 9).
2, 3, 5, 7
Let x(k) = k + 20. Let h be x(-12). Suppose -6*f - 478 = -h*f. What are the prime factors of f?
239
Suppose 3*r - 74 = r - 2*n, 5*r - 164 = 2*n. List the prime factors of r.
2, 17
Let v(i) = 7*i**2 + 3*i + 2. Let r be v(-1). Let q(s) be the third derivative of -s**6/120 + s**5/10 + s**4/4 + 4*s**3/3 + s**2. List the prime factors of q(r).
2, 11
Let a(b) = -b + 7. Let g be a(5). Suppose -4*s + c + 153 = -0*c, g*s - 90 = -4*c. What are the prime factors of s?
3, 13
Suppose 3*r - 125 = -2*r. Suppose -43 = u + q, -7*q = -u - 2*q - r. Let f = 6 - u. List the prime factors of f.
2, 23
Let s(x) = x**3 - x**2 + x + 75. Suppose 21*p - 26*p = 0. Let n be s(p). Let c = n + -30. List the prime factors of c.
3, 5
Let x(q) = -16*q + 17. Let b(p) = -p - 1. Let v(f) = 2*b(f) - x(f). What are the prime factors of v(10)?
11
Let i(f) = -f**2 - 8*f - 3. Let c be i(-7). Suppose c*z = -110 + 422. List the prime factors of z.
2, 3, 13
Let a(t) = 21*t**2 - 11*t + 11. What are the prime factors of a(-5)?
3, 197
Let y(i) = -17*i**3 + 7*i**2 + 8*i - 1. Let f be y(4). What are the prime factors of 1/((-3 - 2)/f)?
3, 7
Suppose -2112 = -g - 505. What are the prime factors of g?
1607
Suppose 4*m = 35 + 5. Suppose -m = -3*x - 1. What are the prime factors of ((-4)/(-8))/(x/156)?
2, 13
Let w(d) = -5*d + 169. Suppose -3*j + 0*j = -17*j. List the prime factors of w(j).
13
Let w(h) = -2*h + 14. Let k be w(8). List the prime factors of (462/k)/(-3) + 1.
2, 3, 13
Let f(y) = -y**3 - 9*y**2 + 7*y - 11. Let j = 31 - 11. Let n be (-16)/j*75/6. What are the prime factors of f(n)?
19
Let v = 11 + -20. Let p be (-1240)/90 - (-2)/v. Let s = 26 + p. List the prime factors of s.
2, 3
Let a = -129 - -331. Suppose -2*o + a = -30. Let s = o + -52. List the prime factors of s.
2
Suppose 0 = -33*p + 51734 + 28258. List the prime factors of p.
2, 3, 101
What are the prime factors of 23663/11 - (-152)/(-836)?
3, 239
What are the prime factors of (-10 + 0)*33/(-5) + -2?
2
Suppose 5*y + 754 = 2*n, -2*y = -5*n + 2*y + 1885. Suppose 7*d - n - 743 = 0. What are the prime factors of d?
2, 5
Suppose 0 = -5*v, -4*u - 4*v + 5*v + 8 = 0. Suppose 23 = u*p - 47. List the prime factors of p.
5, 7
Let r(y) = -y**3 - 5*y**2 - y - 2. Let h be r(-5). Suppose -h*c - c + 5*q = -7, 0 = 5*c + 5*q + 25. List the prime factors of c/(-4) + (-246)/(-12).
3, 7
Let h be -2 + (5 - 3) - -17. Let u = 15 - h. What are the prime factors of u/(-5) + 612/20?
31
Let c be 3/4 + (-306)/24. Let l = c + 21. What are the prime factors of l?
3
Suppose -2*r + 21*r - 36594 = 0. What are the prime factors of r?
2, 3, 107
Let t be (-30)/10*5/(30/292). Let x = -34 - t. What are the prime factors of x?
2, 7
Suppose -5*l + 24 = -3*j - 18, -3*l = 0. Let u(f) = -f**3 - 14*f**2 - 14*f + 1. List the prime factors of u(j).
197
Let n = -249 - -696. List the prime factors of n.
3, 149
Suppose 3*s = -2*s + 20. Suppose 3*n + 6 = s*g, -4*g - 3*n - 8 = n. Suppose g = -2*y + 57 + 27. List the prime factors of y.
2, 3, 7
Suppose 6*h - 50 = -3*u + 8*h, 3*u = 3*h + 48. Suppose 3*i = 3*g - 5*g + 16, -8 = -2*i. What are the prime factors of u*(-10)/(-8)*g?
3, 5
Suppose 23*c - 10*c - 1287 = 0. List the prime factors of c.
3, 11
Suppose 0*s - 4*v = -3*s + 6885, 2*s + 4*v - 4590 = 0. What are the prime factors of s?
3, 5, 17
Let w = -17 + 2. Let r = 26 - w. Let h = 62 - r. List the prime factors of h.
3, 7
Let f be (-2 - -1)*(-1 - 35). Let q be (-26)/(9/(f/(-8))). Suppose -4*o = -q - 3. List the prime factors of o.
2
Let m(i) = -i + 2. Let n be (-6)/(-18)*(-1 + 1). Let x be m(n). Suppose -234 = -3*s + 4*d, 0 = -0*s - x*s + 5*d + 163. What a